 298341236?
8
What is the units digit of 2953938836?
6
What is the units digit of 1952712791?
1
What is the hundred thousands digit of 87394021?
3
What is the hundred thousands digit of 171533451?
5
What is the units digit of 325027788?
8
What is the billions digit of 1763530987?
1
What is the hundreds digit of 122994229?
2
What is the billions digit of 4872020319?
4
What is the hundreds digit of 79915412?
4
What is the tens digit of 2335021061?
6
What is the millions digit of 3000448923?
0
What is the tens digit of 3269575055?
5
What is the thousands digit of 4801377545?
7
What is the millions digit of 841332485?
1
What is the hundred thousands digit of 685410383?
4
What is the hundreds digit of 1201736275?
2
What is the tens digit of 125287978?
7
What is the hundreds digit of 445684695?
6
What is the units digit of 1235074149?
9
What is the ten thousands digit of 3785174180?
7
What is the hundreds digit of 5107318722?
7
What is the millions digit of 41729082?
1
What is the ten thousands digit of 247119493?
1
What is the ten thousands digit of 1402051586?
5
What is the hundred thousands digit of 109832007?
8
What is the ten millions digit of 552318307?
5
What is the ten thousands digit of 856659557?
5
What is the hundred millions digit of 109193133?
1
What is the hundreds digit of 69612229?
2
What is the millions digit of 890861952?
0
What is the tens digit of 219961619?
1
What is the hundred thousands digit of 352556854?
5
What is the tens digit of 196745673?
7
What is the hundreds digit of 42862291?
2
What is the ten thousands digit of 13562890?
6
What is the ten thousands digit of 98178164?
7
What is the hundreds digit of 842521710?
7
What is the tens digit of 1264894403?
0
What is the ten thousands digit of 218651087?
5
What is the hundred thousands digit of 58190487?
1
What is the tens digit of 548762089?
8
What is the millions digit of 10139275?
0
What is the tens digit of 58884111?
1
What is the millions digit of 1317023614?
7
What is the ten millions digit of 263126359?
6
What is the hundred thousands digit of 2987837472?
8
What is the tens digit of 2449556161?
6
What is the units digit of 567502334?
4
What is the hundreds digit of 299172485?
4
What is the ten millions digit of 2653838513?
5
What is the ten thousands digit of 23219133?
1
What is the units digit of 7237994159?
9
What is the billions digit of 3225001740?
3
What is the units digit of 27900699?
9
What is the ten thousands digit of 1987655083?
5
What is the millions digit of 12257082?
2
What is the ten millions digit of 216301577?
1
What is the units digit of 82717132?
2
What is the hundred thousands digit of 6394553238?
5
What is the tens digit of 1963415234?
3
What is the hundred thousands digit of 18296259?
2
What is the tens digit of 504351?
5
What is the units digit of 220578887?
7
What is the hundred millions digit of 449054371?
4
What is the ten millions digit of 557933863?
5
What is the hundred millions digit of 671471129?
6
What is the millions digit of 989747597?
9
What is the thousands digit of 157182146?
2
What is the ten millions digit of 77426465?
7
What is the ten thousands digit of 292888945?
8
What is the billions digit of 1165944562?
1
What is the millions digit of 22790114?
2
What is the millions digit of 237001006?
7
What is the hundreds digit of 133513173?
1
What is the ten thousands digit of 100053282?
5
What is the hundred thousands digit of 687352852?
3
What is the thousands digit of 726463658?
3
What is the units digit of 26749489?
9
What is the millions digit of 2966836464?
6
What is the ten thousands digit of 470425015?
2
What is the hundreds digit of 2209580516?
5
What is the thousands digit of 55691707?
1
What is the ten millions digit of 209415449?
0
What is the thousands digit of 237781266?
1
What is the millions digit of 17850897?
7
What is the hundred thousands digit of 398580824?
5
What is the hundreds digit of 214380318?
3
What is the thousands digit of 228241185?
1
What is the tens digit of 1411343046?
4
What is the tens digit of 1527019346?
4
What is the millions digit of 771689363?
1
What is the hundreds digit of 31719043?
0
What is the hundreds digit of 18711162?
1
What is the units digit of 112691591?
1
What is the hundred millions digit of 252645625?
2
What is the tens digit of 332421569?
6
What is the hundred thousands digit of 238150684?
1
What is the ten millions digit of 101682298?
0
What is the thousands digit of 61497501?
7
What is the hundred thousands digit of 54040932?
0
What is the ten thousands digit of 4854914253?
1
What is the thousands digit of 59035265?
5
What is the tens digit of 195413821?
2
What is the ten thousands digit of 2439679553?
7
What is the millions digit of 4912233772?
2
What is the thousands digit of 1188226989?
6
What is the hundred thousands digit of 1617471756?
4
What is the units digit of 40477555?
5
What is the ten millions digit of 493879680?
9
What is the millions digit of 11736553?
1
What is the hundreds digit of 63556043?
0
What is the tens digit of 109125670?
7
What is the hundred millions digit of 230582863?
2
What is the ten millions digit of 1219182092?
1
What is the millions digit of 98418338?
8
What is the ten thousands digit of 59874435?
7
What is the units digit of 2006455651?
1
What is the millions digit of 2380523370?
0
What is the millions digit of 576100898?
6
What is the hundred thousands digit of 703053423?
0
What is the tens digit of 462489956?
5
What is the millions digit of 95494817?
5
What is the hundred thousands digit of 398313087?
3
What is the ten millions digit of 43772140?
4
What is the ten thousands digit of 2876862029?
6
What is the thousands digit of 132998699?
8
What is the tens digit of 2611202034?
3
What is the billions digit of 7359287166?
7
What is the hundreds digit of 6451746?
7
What is the ten thousands digit of 161839258?
3
What is the units digit of 1588306969?
9
What is the ten millions digit of 111479054?
1
What is the hundred thousands digit of 6669759?
6
What is the thousands digit of 139846961?
6
What is the ten millions digit of 76721491?
7
What is the hundred millions digit of 886885271?
8
What is the units digit of 8366576?
6
What is the hundred millions digit of 389815576?
3
What is the millions digit of 1704023773?
4
What is the tens digit of 92759689?
8
What is the ten thousands digit of 629693941?
9
What is the millions digit of 173061623?
3
What is the hundreds digit of 37500008?
0
What is the thousands digit of 4414347025?
7
What is the thousands digit of 2955477132?
7
What is the hundred thousands digit of 338631165?
6
What is the ten thousands digit of 5265119052?
1
What is the ten millions digit of 316019616?
1
What is the ten millions digit of 131679189?
3
What is the hundred thousands digit of 223762315?
7
What is the ten thousands digit of 204693061?
9
What is the units digit of 11789898?
8
What is the tens digit of 87882454?
5
What is the hundred millions digit of 1555584421?
5
What is the hundred millions digit of 298289041?
2
What is the hundred thousands digit of 26802406?
8
What is the hundred thousands digit of 4820225130?
2
What is the hundred millions digit of 8418707772?
4
What is the millions digit of 6839091?
6
What is the thousands digit of 1250215419?
5
What is the thousands digit of 4681375?
1
What is the units digit of 63124368?
8
What is the ten thousands digit of 490037499?
3
What is the hundreds digit of 51405129?
1
What is the units digit of 1349012568?
8
What is the tens digit of 49930060?
6
What is the units digit of 24093175?
5
What is the millions digit of 108316200?
8
What is the hundred millions digit of 705866137?
7
What is the hundred thousands digit of 446561208?
5
What is the hundred thousands digit of 1064338073?
3
What is the units digit of 894444722?
2
What is the hundreds digit of 283122035?
0
What is the millions digit of 85747247?
5
What is the thousands digit of 293841443?
1
What is the millions digit of 930578170?
0
What is the tens digit of 369508893?
9
What is the thousands digit of 49990124?
0
What is the ten thousands digit of 3094370?
9
What is the hundred millions digit of 1766601336?
7
What is the hundred thousands digit of 401287485?
2
What is the tens digit of 7128409987?
8
What is the hu